e 14) to base 12.
-522
Convert 1101001110000 (base 2) to base 4.
1221300
What is 101011100011111 (base 2) in base 3?
1010121001
Convert 4677 (base 8) to base 14.
ca3
Convert -100201012 (base 3) to base 14.
-2819
What is 2065 (base 8) in base 3?
1110220
-122220010 (base 3) to base 13
-5c25
111212 (base 4) to base 16
566
Convert -1624 (base 14) to base 12.
-2354
Convert 1c161 (base 14) to base 6.
1311333
What is -37e0 (base 15) in base 6?
-131050
What is 14d62 (base 15) in base 8?
203106
What is 4b10 (base 16) in base 4?
10230100
Convert 3211 (base 8) to base 10.
1673
7595 (base 15) to base 13
b438
What is 87 (base 13) in base 3?
11010
-4781 (base 13) to base 14
-395a
Convert -122122 (base 4) to base 16.
-69a
What is -5c5 (base 13) in base 15?
-471
Convert 16030 (base 14) to base 12.
2794a
Convert 10200021120 (base 3) to base 15.
166a0
Convert -32a (base 12) to base 4.
-13102
Convert 121101 (base 3) to base 13.
280
-4e25 (base 16) to base 10
-20005
What is -37a (base 16) in base 11?
-73a
What is 22503 (base 7) in base 8?
13150
Convert -3102 (base 7) to base 9.
-1430
Convert -110110 (base 3) to base 10.
-336
What is -2230 (base 9) in base 10?
-1647
Convert 1323 (base 9) to base 15.
463
What is 1011010001010110 (base 2) in base 16?
b456
21042 (base 5) to base 8
2565
12000021 (base 3) to base 5
104102
-4 (base 10) to base 9
-4
Convert 344 (base 9) to base 14.
163
Convert 101506 (base 7) to base 10.
17401
What is 1011011110 (base 2) in base 8?
1336
What is 1255 (base 7) in base 14?
265
What is 2805 (base 11) in base 14?
1479
What is 2753c (base 13) in base 2?
10001111010110101
What is 7da (base 15) in base 7?
5122
What is 5aaa (base 14) in base 9?
23638
What is a074 (base 16) in base 10?
41076
-778 (base 10) to base 16
-30a
Convert 10751 (base 8) to base 10.
4585
Convert 1213 (base 13) to base 8.
4767
Convert -101001001 (base 2) to base 13.
-1c4
-11230 (base 6) to base 11
-1227
-234 (base 8) to base 16
-9c
Convert -5213 (base 6) to base 12.
-809
What is 12150 (base 12) in base 9?
36416
Convert -28a3 (base 11) to base 9.
-5118
122 (base 8) to base 5
312
142a7 (base 11) to base 6
234032
What is 2632 (base 15) in base 16?
1fd3
What is -1523 (base 7) in base 14?
-313
-5616 (base 12) to base 15
-2c4c
What is 2594 (base 10) in base 14?
d34
-683 (base 11) to base 14
-425
-288 (base 11) to base 13
-200
What is -58a (base 16) in base 2?
-10110001010
-a78 (base 13) to base 9
-2407
550d (base 14) to base 10
14713
What is -5209 (base 12) in base 10?
-8937
2074 (base 12) to base 14
1412
614 (base 16) to base 3
2010122
Convert -6b6 (base 12) to base 16.
-3ea
Convert 111100100101 (base 2) to base 6.
25541
What is -34125 (base 10) in base 3?
-1201210220
What is 201120 (base 3) in base 5?
4103
-26070 (base 9) to base 8
-42227
131 (base 9) to base 4
1231
Convert -1aab (base 15) to base 3.
-21221022
Convert 2212330 (base 4) to base 13.
4b2b
1103322 (base 4) to base 3
21100220
1021201 (base 4) to base 10
4705
What is 1619 (base 10) in base 7?
4502
What is 3914 (base 15) in base 4?
2332021
Convert 104316 (base 8) to base 13.
12c30
-2053 (base 9) to base 7
-4251
16231 (base 7) to base 4
1013203
What is 5756 (base 9) in base 15?
13e3
-110010101010010 (base 2) to base 14
-964a
What is 1b5 (base 15) in base 14?
203
Convert -353160 (base 7) to base 12.
-30936
Convert 2570 (base 8) to base 13.
839
Convert 41043 (base 7) to base 8.
23372
Convert 1001011110000100 (base 2) to base 12.
1a544
Convert 15434 (base 8) to base 14.
275a
Convert -130300 (base 4) to base 6.
-12304
Convert -38313 (base 12) to base 10.
-76479
-53021 (base 6) to base 5
-212031
Convert 232 (base 10) to base 7.
451
111121 (base 4) to base 7
3664
-453 (base 15) to base 4
-33102
What is -112 (base 13) in base 7?
-352
What is 110321231 (base 4) in base 12?
41665
-1100101 (base 2) to base 12
-85
What is 24040 (base 5) in base 14?
906
What is -11126 (base 11) in base 9?
-24102
Convert 1122 (base 11) to base 12.
a30
104141 (base 5) to base 13
1895
What is -401510 (base 6) in base 15?
-9506
What is -535423 (base 6) in base 15?
-d08c
-7044 (base 11) to base 16
-2495
10111000010 (base 2) to base 12
a2a
What is -11441 (base 12) in base 15?
-6c94
Convert -22220113 (base 4) to base 10.
-43543
-4505 (base 15) to base 16
-3926
What is -20235 (base 7) in base 6?
-34450
Convert 1341404 (base 5) to base 4.
12301101
What is 8150 (base 12) in base 13?
6501
3032 (base 4) to base 6
542
What is 847 (base 9) in base 12?
497
What is 2321 (base 8) in base 15?
573
What is -23267 (base 12) in base 13?
-18532
What is 1758 (base 9) in base 6?
10125
What is -1210313 (base 4) in base 3?
-22212002
-584 (base 16) to base 10
-1412
Convert -50268 (base 10) to base 13.
-19b5a
65040 (base 7) to base 15
4bb9
ab (base 16) to base 12
123
1021101 (base 3) to base 11
774
What is -332450 (base 6) in base 13?
-c882
What is -23d (base 14) in base 12?
-313
What is -12135 (base 6) in base 16?
-6fb
7b3 (base 13) to base 10
1329
Convert 12d3 (base 15) to base 13.
1aa6
-1026 (base 12) to base 8
-3336
Convert -1004130 (base 5) to base 14.
-5c69
What is -507 (base 8) in base 4?
-11013
Convert -22313031 (base 4) to base 2.
-1010110111001101
Convert -23441 (base 6) to base 5.
-102114
-11b (base 16) to base 11
-238
1222012 (base 3) to base 10
1436
What is 5525 (base 10) in base 9?
7518
3494 (base 11) to base 4
1013210
Convert -4546 (base 9) to base 4.
-310203
What is -11614 (base 10) in base 5?
-332424
What is -407 (base 12) in base 9?
-717
Convert 114033 (base 5) to base 16.
10ac
Convert 13115 (base 8) to base 16.
164d
Convert -142 (base 15) to base 11.
-241
-185 (base 13) to base 6
-1142
22313323 (base 4) to base 7
243565
Convert 400 (base 6) to base 13.
b1
1075 (base 15) to base 13
1781
What is 10814 (base 10) in base 14?
3d26
What is -34312 (base 7) in base 2?
-10001000011011
-97a7 (base 12) to base 2
-100000100101111
-3a3 (base 11) to base 2
-111011100
-2012000 (base 3) to base 15
-713
-2241 (base 5) to base 7
-636
-52272 (base 8) to base 9
-32670
Convert -11100000 (base 2) to base 11.
-194
Convert 20312303 (base 4) to base 3.
1211202112
What is 10101111011110 (base 2) in base 4?
2233132
Convert -4a1 (base 15) to base 2.
-10000011011
What is -4647 (base 9) in base 11?
-2652
What is -1222 (base 7) in base 11?
-386
-41033 (base 7) to base 14
-38c3
What is -436 (base 11) in base 7?
-1345
Convert 13710 (base 11) to base 9.
28657
What is 31412 (base 5) in base 6?
13431
What is 102303 (base 5) in base 10?
3453
What is -545 (base 6) in base 2?
-11010001
What is -14020 (base 7) in base 16?
-ecb
Convert 69b8 (base 15) to base 4.
11132300
What is -cc9 (base 13) in base 14?
-b29
9e10 (base 15) to base 6
415140
Convert -221202110 (base 3) to base 16.
-4959
Convert 5c79 (base 13) to base 9.
18880
What is 3919 (base 11) in base 5?
130402
Convert -3a (base 12) to base 13.
-37
23c (base 16) to base 11
480
What is 13354 (base 12) in base 14?
98ac
Convert 2102001 (base 4) to base 15.
2b80
-20111300 (base 4) to base 13
-12719
Convert 1153 (base 9) to base 15.
3c3
What is 2658 (base 14) in base 9?
10221
Convert 54a8 (base 15) to base 16.
460d
What is 1004 (base 5) in base 14?
93
What is -1350 (base 7) in base 11?
-438
Convert 42 (base 9) to base 2.
100110
-1222020 (base 3) to base 4
-112131
What is -25411 (base 9) in base 12?
-9a91
What is -1100011001111 (base 2) in base 10?
-6351
What is 262 (base 10) in base 3?
100201
-1000011100000 (base 2) to base 13
-1c74
Convert 2213010 (base 5) to base 11.
26a25
1092 (base 12) to base 13
ab5
What is 415 (base 7) in base 12?
154
What is 4fb (base 16) in base 2?
10011111011
Convert 324a (base 11) to base 8.
10301
Convert -31a (base 13) to base 9.
-648
What is -1231 (base 11) in base 8?
-3107
What is 1b7 (base 14) in base 8?
545
-10025 (base 6) to base 13
-7a0
-641 (base 7) to base 10
-323
Convert -29fa (base 16) to base 3.
-112202000
Convert -259 (base 11) to base 12.
-216
Convert 30241 (base 5) to base 3.
2200002
1eee (base 16) to base 14
2c58
What is -604 (base 15) in base 4?
-111022
Convert 1022200 (base 3) to base 4.
33003
What is 2c74 (base 13) in base 14?
2537
Convert 1000111010 (base 2) to base 15.
280
What is -14be (base 15) in base 10?
-4454
Convert -12665 (base 7) to base 16.
-d64
What is -12101 (base 3) in base 15?
-9a
What